alse
Let w(q) = 2*q - 3. Let z be w(4). Suppose 0 = 5*n + 2*g - 83, 2*n - z*g - 8 - 2 = 0. Is n a prime number?
False
Suppose 2*g + 0 = x + 2, -5*x = 4*g - 4. Is (2 - g)*(155 + 12) prime?
True
Let y(a) = a**3 - 6*a**2 + 5*a + 3. Let i be y(5). Let v(o) = 5*o**2 - 3*o - 1. Let x be v(-2). Suppose -7 = i*f - x. Is f composite?
True
Suppose 0 = -y - 0*y. Is (3 + y)*28/6 a composite number?
True
Let k(p) = -p**2 + p + 2. Let g be k(2). Suppose g = -2*b - a + 181, -b + 12 + 66 = -2*a. Suppose 3*z - 23 = b. Is z prime?
True
Suppose -5*b + 5*h = -1020, -3*b + 2*b + 3*h = -194. Is b composite?
True
Let y = -57 + 331. Is y a composite number?
True
Let h = 1 - 0. Is -51*h*4/(-6) a composite number?
True
Let s = 33 + -14. Suppose -4*d + s = -c, -4*d - 3*c = -4 - 3. Suppose -3*b + 53 + d = 0. Is b a prime number?
True
Suppose g - 6 = -2*g. Let o(q) be the first derivative of 2*q**2 - 2*q - 7. Is o(g) composite?
True
Let f = -88 + 37. Let r = f - -166. Is r a prime number?
False
Let n be -2*(-7 - 3/3). Let t be 3/((-9)/(-6)) - n. Let r = 33 + t. Is r a composite number?
False
Let u = 409 + -251. Is u a prime number?
False
Suppose -1882 = -4*q - 2*v - 128, -5*q = 4*v - 2194. Let p = q + -305. Is p composite?
True
Let l be 27/2 + 9/6. Let m = -4 + l. Is m prime?
True
Let k = -43 + 136. Is k a composite number?
True
Suppose -4*a = -193 + 61. Is a a prime number?
False
Let j = 725 + -466. Is j prime?
False
Let u be 9 - -3 - (1 + 2). Suppose 0 = 2*p - u + 1. Suppose -75 = -p*k + k. Is k prime?
False
Let t(l) = l. Let g(c) = -26*c - 2. Let v(j) = g(j) + 6*t(j). Let u be v(-3). Let w = u - -21. Is w composite?
False
Suppose -4*g + 0*g - 9 = 3*a, 2*a = g + 5. Let d = -121 + 276. Suppose 2*l - d = -z, -a = 4*z - 5. Is l a composite number?
True
Suppose 2*x - 4*l - 16 = 0, 3*x + 4*l = -x - 4. Suppose c + 4*n - x = 2*c, -c - 4*n = -6. Suppose -3*b - c*q = -76, -b - 4*q = -4*b + 46. Is b prime?
False
Suppose 4*v + 844 = 8*v. Is v prime?
True
Suppose 5*t - 6 - 9 = 0. Suppose 0 = -0*g + g - 3*y - 24, -t*g = y - 42. Is g prime?
False
Suppose 3*c - 2*k - 4 = 4, -3*k - 10 = -4*c. Suppose -2*h + 2*w = -230, c*h - 260 = -5*w + 236. Is h prime?
False
Suppose -2*j - 1 - 5 = 0. Let o be j/(9/(-15)) + 0. Suppose -3*b + 268 = -b + o*q, -2*b + 288 = -5*q. Is b a prime number?
True
Let y(r) = -30*r + 47. Is y(-28) prime?
True
Suppose 4*t = 258 + 10. Is t a prime number?
True
Is 109 + (-3)/1 + 3 composite?
False
Is 191 - (-2 - -2) - 0 prime?
True
Suppose 0 = -0*g - g + 32. Suppose 2*y = -2 + g. Is y a prime number?
False
Let b(m) be the second derivative of m**5/20 - 3*m**4/4 + 4*m**3/3 - 2*m**2 - 3*m. Let k be b(8). Let c = -2 - k. Is c a composite number?
False
Let m(t) = -3*t - 6. Is m(-9) a prime number?
False
Let v(u) be the first derivative of 3*u**2/2 - u - 2. Let a be v(2). Let i = 32 + a. Is i composite?
False
Let w(o) = o**2 + 3*o + 3. Let m be w(-3). Suppose 0 = z - 3*b - 94, 2*z + m*z + 2*b = 419. Is z composite?
True
Let p(v) = -v**3 + 2*v**2 + 129. Is p(0) composite?
True
Let f(r) = -r**3 + 8*r**2 + 5*r + 7. Is f(7) a composite number?
True
Let m = 17 + -7. Let a be 24/m + 4/(-10). Is (0/a - -25) + 0 a prime number?
False
Let n(a) = 7*a**3 + a**2 + 7*a + 19. Let o(y) = -6*y**3 - y**2 - 6*y - 19. Let p be 204/(-33) - 2/(-11). Let m(f) = p*o(f) - 5*n(f). Is m(0) a composite number?
False
Let z(k) = 23*k**2 - 2*k + 1. Let a be z(1). Let p(s) = 2*s + 1. Let u be p(1). Suppose u*i - 61 = -a. Is i a composite number?
False
Let c(s) = -s + 6. Let j be c(5). Let m = j + 1. Suppose -3*o + 81 = m*t + t, -3*t = -3*o + 51. Is o prime?
False
Let k = 3 - 2. Let p be k + 723/6*2. Is p*((-3)/6 - -1) a prime number?
False
Let g = 392 + -201. Is g a composite number?
False
Let p be 2*(1 - 0/2). Suppose p*o + 112 = -2*q + 710, o - 3*q = 299. Is o a prime number?
False
Let f = 40 + -72. Let p = f + 86. Suppose -w = -67 - p. Is w composite?
True
Let w(t) = 6*t**2 - t - 2. Let c be w(-3). Suppose -4*j + c = -33. Is j a prime number?
False
Let y = -16 + 18. Let j(x) = 85*x**3 - 2*x + 3. Is j(y) composite?
True
Let g(b) = b**3 + 4*b**2 - 5*b + 2. Let v be g(-5). Suppose -5*f + n = -v*f + 16, -f - 5*n + 16 = 0. Is (-90)/f - 2/4 a composite number?
True
Let l(w) = 121*w. Let q be l(1). Let z = q - 44. Is z a composite number?
True
Suppose 0 = -c - 2*x + 1257, -2717 = -5*c + 3*x + 3581. Is c a composite number?
False
Suppose 5*v - 2*v + 9 = 0, -m + 2*v + 48 = 0. Let x be 1/(-4) + m/8. Is x + -5 + 3 - -18 a composite number?
True
Suppose f - 625 - 352 = 0. Is f prime?
True
Suppose -2*x - 4*h = -172 + 30, 266 = 4*x + 2*h. Is x a composite number?
True
Let c(m) = -m**3 - 4*m**2 - 4*m + 5. Is c(-9) composite?
True
Let y(k) = k**2 - 14*k + 19. Is y(-12) composite?
False
Suppose 2*i + 2 + 1 = -d, d - 2 = 3*i. Let y be d + 72 - (2 + 0). Suppose 2*t - y = 25. Is t composite?
False
Let k = 1682 + -1051. Is k prime?
True
Let g = 11 - 7. Suppose -g*n - 2 + 18 = 0. Suppose -o = n*o - 325. Is o a prime number?
False
Let a be 0/(-2 + (1 - -3)). Suppose 660 = 4*b - 4*k, a*k - 332 = -2*b + k. Is b prime?
True
Is (4*(-4604)/80)/(1/(-5)) composite?
False
Let a(f) = -f**3 + 9*f**2 - 4*f - 3. Let j be a(4). Suppose 6*x = 2*x - 104. Let v = j + x. Is v a composite number?
True
Suppose 0 = -5*m - 0*j - 2*j - 5120, 5*j = 3*m + 3103. Is ((-2)/(-3))/((-12)/m) prime?
False
Suppose 2*x + 2*t - 576 = 0, 0 = -3*x - 4*t - 277 + 1145. Suppose 0 = -3*m + x + 7. Is m composite?
False
Is 2243*(1 - 0/1) a prime number?
True
Suppose -4*d - 1240 = -2*a, -5*a + d - 181 = -3281. Let k = -307 + a. Let y = 474 - k. Is y a composite number?
True
Let d = -58 - 6. Let c = 121 + d. Is c composite?
True
Is -4*(-3)/4*(-790)/(-6) composite?
True
Let d(h) = -1 + 4*h**2 + 4*h**3 - 5*h**3 - h - 3 - 5*h. Let i be d(-4). Is i/12 - (-2)/3 composite?
False
Let p = -18 - -28. Let i be (4/p)/((-4)/(-20)). Is 1*1/i*46 prime?
True
Suppose 0 = 5*u - 9 - 6. Suppose -2 - 13 = -u*m. Suppose b = -m*a + 16 + 30, -3*b - a = -82. Is b a prime number?
False
Suppose 826 = -5*d + 4031. Is d prime?
True
Let h(g) = -2*g + 14. Let j be h(6). Suppose 0 = j*n - 3*n + 679. Is n prime?
False
Let h = 2855 + -1929. Is h a composite number?
True
Let o(z) be the second derivative of -95*z**3/6 - 3*z**2/2 + z. Suppose -2*q + 2 = -3*q. Is o(q) composite?
True
Let v(o) = -507*o + 29. Is v(-10) composite?
False
Let m(t) = 8*t + 3*t + t**2 + 2*t + 13. Is m(-13) composite?
False
Let d be 1/((-10)/(-8) - 1). Suppose -d*t - 1346 = -2*a, 4*a - a + 2*t - 1995 = 0. Is a prime?
False
Let k(m) = -m**2 - 29*m - 19. Is k(-14) prime?
True
Let s(m) = 0*m + 4*m**2 - m**2 - 3*m + 6*m + 1. Is s(-4) a prime number?
True
Suppose 0 = 6*q - 3*q. Let d = 139 - q. Is d prime?
True
Let h be 122/12 - 1/6. Suppose 3*t = 2*k - 7, h = -2*t - 3*t + 3*k. Is -35*(t + -2)/1 composite?
True
Let m be 4/(-10) + (-12058)/5. Is m/(-15) - 2/(-10) a composite number?
True
Suppose -8*d + 16513 = -d. Is d composite?
True
Suppose 2*n + 0 = 3*r + 6, 2 = n - r. Suppose n = -a + 398 - 26. Suppose 0*h - 4*h + a = 0. Is h a composite number?
True
Let s = 32 - -15. Is s a composite number?
False
Suppose 4*i - 5*i = 1. Let v = 2 - i. Suppose 2*g - v*b + 1 + 2 = 0, -g = -5*b + 19. Is g prime?
False
Suppose 2*c = -3*l + 4*l - 6, 2*l = 5*c + 16. Let o(x) = -x**3 - 4*x**2 - 5*x - 1. Is o(c) a composite number?
False
Let s be ((-138)/(-8))/((-7)/(-28)). Suppose 0 = 2*p - q - s, 3*p + q - 109 = -3*q. Is p prime?
False
Let s = -305 + -184. Let g = 886 + s. Is g composite?
False
Is (-21)/(-14)*(49/3 - 1) composite?
False
Let m(j) = 23*j**2 - 14*j - 5. Is m(-8) a prime number?
True
Let r(w) = -98*w**3 - 2*w**2 - w. Let g(z) = z**3 - 7*z**2 + 7*z - 7. Let l be g(6). Is r(l) composite?
False
Suppose 9*d = 4*d + 2*x + 20, 12 = 3*d - 2*x. Suppose 4*v + 327 - 79 = -5*o, -d*v = -4*o + 248. Is (-2)/(-6) + v/(-3) prime?
False
Let f(o) = o**2 - 4. Let k be f(0). Let x be ((-66)/k)/(4/(-8)). Let p = 86 + x. Is p composite?
False
Let q = 309 + 118. Is q a composite number?
True
Let h be 2 - (0 - 1)*4. Let c(q) = 2*q**3 - 6*q**2 - 10. Let k(t) = 2*t**3 - 6*t**2 - 9. Let i(s) = -4*c(s) + 5*k(s). Is i(h) prime?
True
Let w(u) = u**2 - 6*u - 1. Let h(x) = -x**2 + 6*x. Let l(q) = 4*h(q) + 3*w(q). Let z be l(5). Suppose -4*i = -z*i - 26. Is i a pr